me factors of 51073564?
2, 67, 190573
List the prime factors of 378920538.
2, 3, 23, 59, 5171
List the prime factors of 580349061.
3, 107, 602647
List the prime factors of 1727560013.
1727560013
What are the prime factors of 101825558?
2, 50912779
What are the prime factors of 1132689238?
2, 566344619
List the prime factors of 114348013.
13, 8796001
What are the prime factors of 64434030?
2, 3, 5, 2147801
List the prime factors of 1399656282.
2, 3, 7411, 31477
List the prime factors of 43617354.
2, 3, 11, 73, 823
List the prime factors of 531372457.
7, 11, 31, 43, 167
List the prime factors of 6251548.
2, 1562887
List the prime factors of 1032572211.
3, 11, 31, 1009357
What are the prime factors of 280027405?
5, 7, 1142969
List the prime factors of 1071362980.
2, 5, 499, 107351
What are the prime factors of 630221669?
7, 11, 1249, 6553
List the prime factors of 18883520.
2, 5, 59011
List the prime factors of 252635371.
37, 6827983
List the prime factors of 75209088.
2, 3, 17, 41, 281
List the prime factors of 1835303892.
2, 3, 1153, 132647
List the prime factors of 124110140.
2, 5, 7, 11, 29, 397
What are the prime factors of 208628171?
31, 113, 59557
List the prime factors of 1154947181.
1154947181
What are the prime factors of 767992682?
2, 137, 2802893
List the prime factors of 422631806.
2, 211315903
List the prime factors of 262391619.
3, 7, 1784977
What are the prime factors of 284861819?
11, 25896529
List the prime factors of 2229948010.
2, 5, 79, 2822719
List the prime factors of 280479743.
719, 390097
What are the prime factors of 125588954?
2, 67, 937231
What are the prime factors of 210988411?
17, 12411083
List the prime factors of 1822013134.
2, 101, 9019867
What are the prime factors of 909028211?
7, 13, 9989321
List the prime factors of 16315501.
16315501
List the prime factors of 196649304.
2, 3, 599, 13679
What are the prime factors of 3085298547?
3, 43, 3967, 6029
What are the prime factors of 609714928?
2, 17, 2241599
List the prime factors of 58856432.
2, 3678527
List the prime factors of 3569874.
2, 3, 7, 11, 7727
List the prime factors of 47646664.
2, 13, 241, 1901
What are the prime factors of 151036320?
2, 3, 5, 19, 16561
What are the prime factors of 200912040?
2, 3, 5, 7, 61, 1307
What are the prime factors of 1582591615?
5, 11, 28774393
What are the prime factors of 86384380?
2, 5, 331, 13049
List the prime factors of 104111074.
2, 977, 53281
What are the prime factors of 595639324?
2, 7, 743, 28631
What are the prime factors of 760160974?
2, 1051, 361637
List the prime factors of 50839415.
5, 11, 59, 15667
What are the prime factors of 42692378?
2, 43, 83, 5981
List the prime factors of 1347416228.
2, 336854057
What are the prime factors of 1241521918?
2, 7, 13, 974507
What are the prime factors of 7250125?
5, 31, 1871
What are the prime factors of 501515491?
233, 2152427
List the prime factors of 1698787835.
5, 339757567
What are the prime factors of 1546163491?
37847, 40853
List the prime factors of 1689274178.
2, 43, 19642723
What are the prime factors of 460189306?
2, 349, 601, 1097
List the prime factors of 4451441.
4451441
What are the prime factors of 187058855?
5, 3167, 11813
What are the prime factors of 12990030?
2, 3, 5, 41, 59, 179
What are the prime factors of 562836078?
2, 3, 7, 199, 22447
What are the prime factors of 636265167?
3, 12503, 16963
List the prime factors of 4356898.
2, 7, 13, 37, 647
What are the prime factors of 5244079936?
2, 127, 645187
What are the prime factors of 4305585385?
5, 861117077
List the prime factors of 1414949981.
577, 2452253
List the prime factors of 434813451.
3, 67, 2163251
What are the prime factors of 1692650381?
1692650381
List the prime factors of 359710943.
359710943
List the prime factors of 1369715139.
3, 13, 11706967
What are the prime factors of 27095645?
5, 547, 9907
List the prime factors of 84475941.
3, 11, 17, 23, 6547
List the prime factors of 899028227.
899028227
What are the prime factors of 39786549?
3, 11, 1205653
List the prime factors of 706033734.
2, 3, 7, 16810327
List the prime factors of 8742979287.
3, 7, 138777449
What are the prime factors of 360398923?
113, 3189371
List the prime factors of 162622521.
3, 18069169
What are the prime factors of 2117657622?
2, 3, 352942937
What are the prime factors of 46559126?
2, 23279563
What are the prime factors of 1440159608?
2, 3019, 59629
List the prime factors of 3728077545.
3, 5, 59, 79, 53323
What are the prime factors of 308547138?
2, 3, 51424523
What are the prime factors of 30792649?
30792649
List the prime factors of 456126457.
456126457
What are the prime factors of 1931018708?
2, 29, 401, 41513
What are the prime factors of 212111053?
7, 11, 193, 2039
What are the prime factors of 183166384?
2, 19, 602521
What are the prime factors of 112057656?
2, 3, 23, 43, 4721
List the prime factors of 1854312037.
1854312037
What are the prime factors of 814363701?
3, 271454567
List the prime factors of 29768940.
2, 3, 5, 165383
List the prime factors of 168748677.
3, 23, 109, 277
What are the prime factors of 653206824?
2, 3, 9072317
What are the prime factors of 1397161519?
13, 23, 67, 97, 719
What are the prime factors of 84182639?
31, 251, 349
What are the prime factors of 59480564?
2, 11, 13, 19, 421
What are the prime factors of 137545994?
2, 103, 667699
List the prime factors of 1038774097.
67, 859, 18049
List the prime factors of 1618878245.
5, 323775649
List the prime factors of 86449653.
3, 3201839
List the prime factors of 63999660.
2, 3, 5, 59, 101, 179
What are the prime factors of 267699035?
5, 2459, 21773
List the prime factors of 1270299185.
5, 107, 2374391
What are the prime factors of 280382121?
3, 23, 29, 15569
List the prime factors of 594204036.
2, 3, 167, 296509
List the prime factors of 4265572801.
7, 23, 41, 15761
What are the prime factors of 365643394?
2, 61, 2997077
List the prime factors of 2807316131.
17, 165136243
What are the prime factors of 1049458669?
7, 727, 206221
What are the prime factors of 42493599?
3, 1573837
List the prime factors of 184106758.
2, 11, 8368489
What are the prime factors of 2862687345?
3, 5, 7, 19, 373, 3847
List the prime factors of 1967057933.
107, 18383719
List the prime factors of 330226514.
2, 4493, 36749
What are the prime factors of 52829089?
52829089
What are the prime factors of 1546444185?
3, 5, 11, 13, 17, 42409
List the prime factors of 1953760764.
2, 3, 6257, 26021
List the prime factors of 8276347193.
8276347193
What are the prime factors of 196960398?
2, 3, 37, 163, 5443
What are the prime factors of 143703828?
2, 3, 859, 1549
What are the prime factors of 5847128?
2, 7, 193, 541
List the prime factors of 21150296.
2, 1303, 2029
List the prime factors of 4631447131.
4631447131
List the prime factors of 83798180.
2, 5, 47, 239, 373
List the prime factors of 2374651736.
2, 14767, 20101
List the prime factors of 416879572.
2, 859, 121327
List the prime factors of 4283005370.
2, 5, 7, 61185791
List the prime factors of 3758998646.
2, 13, 19, 37, 205657
What are the prime factors of 60540556?
2, 593, 25523
List the prime factors of 2082259233.
3, 231362137
What are the prime factors of 62575057?
1873, 33409
What are the prime factors of 1431418219?
7, 11, 19, 978413
What are the prime factors of 9450899214?
2, 3, 47, 61, 263, 2089
List the prime factors of 1281471472.
2, 80091967
What are the prime factors of 93087157?
93087157
What are the prime factors of 210341658?
2, 3, 35056943
List the prime factors of 32314718.
2, 16157359
List the prime factors of 72326842.
2, 7, 738029
What are the prime factors of 53957377?
53957377
What are the prime factors of 30068601?
3, 10022867
List the prime factors of 20351240.
2, 5, 7, 13, 5591
List the prime factors of 185136019.
19, 9744001
What are the prime factors of 315375720?
2, 3, 5, 11, 238921
What are the prime factors of 821680505?
5, 164336101
What are the prime factors of 760640010?
2, 3, 5, 13, 17, 47, 2441
List the prime factors of 92628241.
92628241
List the prime factors of 53028687.
3, 17676229
List the prime factors of 852621106.
2, 426310553
List the prime factors of 28104084.
2, 3, 127, 683
List the prime factors of 433074118.
2, 1277, 169567
List the prime factors of 121974773.
23